t is -11001110 - 100000100000?
-100011101110
In base 3, what is 1002102 + 11012?
1020121
In base 6, what is 3210 + 1214?
4424
In base 11, what is 6 - a0084?
-a0079
In base 8, what is -5 + -632331?
-632336
In base 8, what is 3 + -25001?
-24776
In base 4, what is -10 - 133100030?
-133100100
In base 6, what is 153045 + -4?
153041
In base 10, what is -4 + -297552?
-297556
In base 12, what is -2475 - 12?
-2487
In base 14, what is -5073 + 17?
-505a
In base 10, what is -21 + 2594?
2573
In base 6, what is -3 + 104003?
104000
In base 15, what is 0 + 2bc0?
2bc0
In base 15, what is -51 + 342?
2e1
In base 7, what is 3055623 + -3?
3055620
In base 16, what is -f - -15107?
150f8
In base 15, what is -6 + -11879?
-11880
In base 8, what is -31640 + -43?
-31703
In base 6, what is 14355 - 100?
14255
In base 2, what is -1 - -11101000011110?
11101000011101
In base 10, what is 3036 - -67?
3103
In base 12, what is a99 + 341?
121a
In base 5, what is 1 - 23231231?
-23231230
In base 2, what is -11 + -1101011100100000?
-1101011100100011
In base 5, what is 24231311 - 1?
24231310
In base 12, what is -226 - -2b9?
93
In base 3, what is -21220000 - -111202?
-21101021
In base 9, what is -38828 + -2?
-38831
In base 12, what is 84a7 - -a?
84b5
In base 12, what is 228586 + 1?
228587
In base 9, what is 5 + -43234?
-43228
In base 6, what is 144 - -505?
1053
In base 15, what is 2e1 - -b31?
e22
In base 7, what is 233316 + 23?
233342
In base 5, what is -4440141 + -2?
-4440143
In base 11, what is 36934 - 3?
36931
In base 5, what is -2114233 - -2?
-2114231
In base 15, what is d8 + -a82?
-999
In base 9, what is 1 - 46106?
-46105
In base 13, what is a9342 + 0?
a9342
In base 7, what is 10 + -440302?
-440262
In base 11, what is -4 - 72975?
-72979
In base 13, what is -8b8c + 12?
-8b7a
In base 4, what is 230 - 32010?
-31120
In base 9, what is 3 + -32178?
-32175
In base 16, what is a9 + -2ac?
-203
In base 11, what is -159648 - 1?
-159649
In base 13, what is a + -15a771?
-15a764
In base 15, what is 51731 + 6?
51737
In base 7, what is 33 - -4150?
4213
In base 3, what is 220100010 + -1002?
220022001
In base 15, what is 154 + -10c2?
-e6d
In base 9, what is 32874 - 4?
32870
In base 13, what is -42875 + -4?
-42879
In base 15, what is -8 - -54b6?
54ad
In base 6, what is 345244 + 3?
345251
In base 7, what is 13663 - 153?
13510
In base 9, what is 4 + -62714?
-62710
In base 13, what is 36c2 - -1?
36c3
In base 6, what is -1024122 + -4?
-1024130
In base 4, what is -1033201000 + -11?
-1033201011
In base 13, what is 54bc57 - -5?
54bc5c
In base 6, what is 104 + -4125?
-4021
In base 2, what is -1 + -1011001000001001101?
-1011001000001001110
In base 9, what is -4138 - -11?
-4127
In base 7, what is 40042 - 23?
40016
In base 14, what is 289 - 361?
-b6
In base 5, what is -12243 + -30?
-12323
In base 4, what is 132100 - -11?
132111
In base 4, what is 211 + -31302321?
-31302110
In base 14, what is 3 + 612?
615
In base 10, what is 645 + -1641?
-996
In base 9, what is -5847 + -34?
-5882
In base 11, what is a2 + -9488?
-9396
In base 6, what is 31112 - 122?
30550
In base 5, what is 2 + -12004330?
-12004323
In base 10, what is -6 + -392671?
-392677
In base 11, what is 126814 - 3?
126811
In base 3, what is 200022110202 + 10?
200022110212
In base 10, what is -2 - -371002?
371000
In base 9, what is 4 + -10176?
-10172
In base 13, what is 5963 - -16?
5979
In base 11, what is 143 + a03?
1046
In base 15, what is 5775 + -1?
5774
In base 11, what is 29869 + -2?
29867
In base 7, what is -1320 - 123?
-1443
In base 9, what is 724 - -10780?
11614
In base 6, what is -2 + 40504311?
40504305
In base 12, what is 14 - -1748?
1760
In base 14, what is 5007 - -1d?
5026
In base 8, what is -157214 + -13?
-157227
In base 3, what is -220011 + -2010?
-222021
In base 8, what is 10644 - 115?
10527
In base 13, what is -2 + 105745?
105743
In base 14, what is 4 - -b8740?
b8744
In base 3, what is -12211000222 - 0?
-12211000222
In base 15, what is -3 - c7e5?
-c7e8
In base 8, what is 27 + -3514?
-3465
In base 5, what is 143 + 10040?
10233
In base 3, what is 11112020001002 + 10?
11112020001012
In base 5, what is -2 + -23044034?
-23044041
In base 7, what is 31061 + -1?
31060
In base 3, what is 2210112 + 1202?
2212021
In base 13, what is 5bb3 - 4?
5bac
In base 9, what is -4 + -73314?
-73318
In base 13, what is 224 + -1738?
-1514
In base 9, what is 3138 - -1?
3140
In base 7, what is -623550 - 3?
-623553
In base 6, what is -3 + 4035315?
4035312
In base 4, what is 22132 - -13?
22211
In base 4, what is -1012 - -1303?
231
In base 5, what is 10 - -12043230?
12043240
In base 14, what is -9a2 - -c?
-994
In base 11, what is 5 - -6449?
6453
In base 15, what is 2 + 79c83?
79c85
In base 6, what is -104 + 34222?
34114
In base 7, what is -212030 + -2?
-212032
In base 14, what is 1009 - -7?
1012
In base 8, what is 40741 + -7?
40732
In base 6, what is 2554 + -1252?
1302
In base 9, what is 0 - 207751?
-207751
In base 5, what is -43 - -111311?
111213
In base 11, what is 16326 + 5?
16330
In base 5, what is -100 - 1113?
-1213
In base 2, what is -11110001100 + 10000011?
-11100001001
In base 10, what is 15 + 30029?
30044
In base 3, what is -1100000021 - -20?
-1100000001
In base 12, what is -1 - -1a191?
1a190
In base 9, what is -1286 + 6548?
5252
In base 8, what is 3 + 7721?
7724
In base 4, what is 2 + -2333130?
-2333122
In base 7, what is -32 + -43013?
-43045
In base 10, what is -1321 + 124?
-1197
In base 7, what is 60260 + 20?
60310
In base 5, what is -33142 - -143?
-32444
In base 12, what is 13 + 16397?
163aa
In base 3, what is 0 - -22110010202?
22110010202
In base 10, what is -14 + -21487?
-21501
In base 10, what is -146781 + -5?
-146786
In base 7, what is 55023 + 11?
55034
In base 13, what is 145 - 21a1?
-2059
In base 4, what is -1231 + -13102203?
-13110100
In base 2, what is -1100 - 1010010111110000?
-1010010111111100
In base 9, what is -43 - 218080?
-218133
In base 11, what is 25aa - -95?
2694
In base 7, what is 2355 - 61?
2264
In base 15, what is 4 - -56ad?
56b2
In base 3, what is 2110221021202 - -2?
2110221021211
In base 16, what is 22c + 11?
23d
In base 9, what is 746533 + 2?
746535
In base 11, what is -3 - 1060?
-1063
In base 2, what is 11 - 10100100110?
-10100100011
In base 14, what is -2 + -b97b?
-b97d
In base 10, what is -1565 - -54?
-1511
In base 2, what is 1010100110100 + -110010?
1010100000010
In base 15, what is 26c8e - 5?
26c89
In base 4, what is -20010 - -12?
-13332
In base 4, what is -122020013 - 10?
-122020023
In base 8, what is 113317 + 2?
113321
In base 12, what is -145 + 2856?
2711
In base 7, what is 11 + 21614?
21625
In base 15, what is 738 - -42?
77a
In base 10, what is 112413 - -3?
112416
In base 5, what is -11033100 + -4?
-11033104
In base 11, what is 128599 - -2?
1285a0
In base 7, what is 41 - -25244?
25315
In base 9, what is -2418830 + 5?
-2418824
In base 7, what is 0 + -1215300?
-1215300
In base 14, what is -134d54 + -5?
-134d59
In base 9, what is -4 - -7117?
7113
In base 11, what is 8407 - -1?
8408
In base 10, what is 67753 - 1?
67752
In base 13, what is -c22 + 114?
-b0b
In base 5, what is 1 + 101011330?
101011331
In base 12, what is 504 + b?
513
In base 10, what is 1 + -399852?
-399851
In base 5, what is 230022134 - 1?
230022133
In base 8, what is 27306 + -4?
27302
In base 7, what is -10600244 - -4?
-10600240
In base 5, what is 1301 + -1131?
120
In base 16, what is 1d24a - 5?
1d245
In base 10, what is 6544 - 95?
6449
In base 9, what is 86 + 125?
222
In base 5, what is -3 + -101113441?
-101113444
In base 4, what is 110 - -230?
1000
In base 10, what is -13259 + -1?
-13260
In base 2, what is 11000010111 + -10?
11000010101
In base 12, what is a - 3557?
-3549
In base 10, what is 4691 - 2?
4689
In base 7, what is 0 + -4625104?
-4625104
In base 8, what is -276137 + -6?
-276145
In base 6, what is 3123215 + -1?
3123214
In base 16, what is -2a + 2aa1?
2a77
In base 9, what is 0 - -2163?
2163
In base 3, what is -100010222010 - 21?
-100010222101
In base 11, what is 2a042 + 39?
2a080
In base 2, what is -10101101010 + 1111110?
-10011101100
In base 13, what is 5c73 - 96?
5baa
In base 9, what is 12 - 51446?
-51434
In base 5, what is 4230 - 403?
3322
In base 6, what is -53550 + -24?
-54014
In base 8, what is -4 - -2124315?
2124311
In base 4, what is 323 + -1